**2 + t - 2. Let v be u(-2). Suppose 0 = -l + v, 8*l - 3*l = -s + 83. List the prime factors of s.
3, 7
Suppose 0 = 5*f - 0*f - 120. Let g = f - 34. List the prime factors of (108/10)/((-4)/g).
3
Let c(a) = 2*a**3 - 40*a**2 + 10 + 36*a**2 - 7*a - a**3. Let p be c(5). Suppose -4*q - 11 = -4*b - 275, 2*q + b - 117 = p. What are the prime factors of q?
61
Let b = 3 + 1. Suppose -b*d + 78 = 2. What are the prime factors of d?
19
List the prime factors of (-1892)/(-2) + 64/16.
2, 5, 19
Let r = -38 - -69. Suppose 13 = 5*v + 3*f, 2*v + 4*f = f + 7. Suppose 5*p - k + 8 = r, -v*p - k + 12 = 0. List the prime factors of p.
5
Suppose -3*t + 4*j = -19, 5*j + 0*j + 8 = 2*t. Let u = -315 - -309. List the prime factors of u/t*(-138)/4.
23
Let o(t) = -146*t + 7. Let s be o(-3). Suppose -5*l + 145 = -s. Suppose -4*p + 4*k + 113 = k, -4*k + l = 5*p. List the prime factors of p.
2, 13
Let i(q) = -2*q**2 + 17*q - 16. Let w be i(7). Suppose 208 = w*p - 167. List the prime factors of p.
3, 5
Suppose 116 = -4*w + 5*w. Let f = w + -71. Suppose -o - 4*o = -f. What are the prime factors of o?
3
Let f = 21 - 21. Suppose 5*b - 3*u - 19 = f, b - 2*u - 1 + 0 = 0. Let c(p) = p**3 - 2*p**2 - p + 10. What are the prime factors of c(b)?
2, 5
Let y = 23 - 24. List the prime factors of (-8)/(-1 + y) - -11.
3, 5
Suppose 90*x - 60 = 95*x. Let w = 22 - 68. Let r = x - w. What are the prime factors of r?
2, 17
Let c(g) = 27*g**2 - 9*g - 1. Let a(j) = -40*j**2 + 13*j + 2. Let y(w) = -5*a(w) - 7*c(w). List the prime factors of y(-3).
2, 3, 17
Let y(p) = -p**2 - 9*p - 6. Let t be y(-7). Suppose 72 = t*h - 64. What are the prime factors of h?
17
Let k(o) = 14*o**2 - 36*o - 53. List the prime factors of k(13).
3, 5, 41
Let s = -707 + 1198. List the prime factors of s.
491
Suppose 0 = 10*i - 7042 - 258. List the prime factors of i.
2, 5, 73
Suppose 3*y = 5*y - 2*x - 516, 4*y = -2*x + 1062. What are the prime factors of y?
263
Let c(y) = y - 1 - 2*y**2 + 5*y**3 + y**2 - 4*y**3 + 2. Let u be c(2). Suppose -u*v + 250 = -3*v + 3*b, -5*v = 4*b - 313. What are the prime factors of v?
61
Let t(d) = -21*d + 23. Let k be t(-14). Let j = -158 + k. List the prime factors of j.
3, 53
Let u be (-16)/(-6)*(25/(-10) - -4). Let w = u - -32. List the prime factors of w.
2, 3
Let g(z) = 4*z**3 - 6*z**2 + z - 4. Let f be g(4). Suppose -3*d + n = -n + f, 0 = -4*d - n - 228. Let p = d + 81. What are the prime factors of p?
5
Suppose -4*k + 19*k - 9360 = 0. What are the prime factors of k?
2, 3, 13
Suppose 3*a + 3*s = -15, -5*s + 0 - 1 = 2*a. Let f = 15 + a. Suppose -3*t - 5*i + 13 + f = 0, 4*i - 40 = -4*t. What are the prime factors of t?
3, 5
Let v(k) = k**3 + 31*k**2 + 3*k - 51. List the prime factors of v(-13).
2, 3, 41
Suppose -p - 12 = -21. What are the prime factors of (p/(45/370))/2?
37
Let b(i) = 25*i**3 - 4*i**2 + 3*i + 2. Let z be (-32)/(-14) + -6*(-4)/(-84). What are the prime factors of b(z)?
2, 3
Suppose t = 2*s - 7, -20 = -5*s + s + 4*t. Suppose -4*o + 3*o = s. List the prime factors of (-1)/(o*(-2)/(-32)).
2
Let n(r) = 38 - 2*r**2 - 17 + 9*r**2 - 14 + 12*r. What are the prime factors of n(5)?
2, 11
Suppose 0 = 3*m + 3*m - 48. Suppose u = m*u. Suppose u*s + 45 = 5*s. What are the prime factors of s?
3
Let o be 3/(2/4*(-6)/(-3)). Suppose -o*c + 110 = -5*v - 33, 4*c - 196 = 4*v. List the prime factors of c.
3, 17
Let r = 9 + -13. Let s(g) = 16*g + 7. Let o be s(r). Let y = o + 112. List the prime factors of y.
5, 11
What are the prime factors of 106 + (-64)/(-8) + -11?
103
Let p(j) = j**3 - 2*j - 1. Let m be p(-2). Let v(o) = -o**3 - 3*o**2 + 4*o - 4. List the prime factors of v(m).
2, 13
Suppose 4*r - 4*t = 12920, -3*r = 2*t - 6599 - 3116. List the prime factors of r.
5, 647
Let m(f) = 19*f**2 + 4*f + 3. Let d = 4 - 2. Let s be (-6)/d + (-6)/(-6). What are the prime factors of m(s)?
71
Suppose 0 = -3*g + 2*d + 26, 0 = -5*g - 3*d + 81 - 6. What are the prime factors of 3/g*-2*(-10 - 224)?
3, 13
Let f = 1348 - 954. List the prime factors of f.
2, 197
List the prime factors of 2 + (-224)/105 + (-3047)/(-15).
7, 29
Suppose -2*f + 2344 = -2*r, 4*f - r - 4580 = 123. What are the prime factors of f?
11, 107
Let x(o) be the first derivative of o**4/2 + o**3/3 + o**2/2 - o - 1. Let u be x(1). List the prime factors of (u/(-3) + -16)/(-1).
17
Let d(f) = 3*f**3 - 2*f**2 + 6*f - 20. What are the prime factors of d(6)?
2, 37
Let z = -171 + 262. Suppose -d + z = -45. What are the prime factors of d?
2, 17
Let i(l) = 25*l + 8. Let c be i(-3). Let p = 21 + c. List the prime factors of 4 - (p + -3 + 3).
2, 5
Let k be ((-3)/(-4))/(27/12)*15. Suppose 3 - 13 = -2*l. Suppose -120 = -k*v - l. What are the prime factors of v?
23
Suppose -4 = -5*v + 401. Let u = v + -52. Suppose 0*t - u = -t. What are the prime factors of t?
29
Let v be (-2 + -40 - 0) + 0. Let k = v + 81. What are the prime factors of k?
3, 13
Let z be (-8 + 1)*18/(-21). Let o be 9/z + (-4)/(-8). What are the prime factors of ((-3)/o)/(5/(-10))?
3
Suppose 2*h = -h + 12. Suppose 0 = h*g - 0*g - 8. Suppose -g*p = 3*p - 185. What are the prime factors of p?
37
Let i be -88*3*2/(-3). Let v = -102 + i. List the prime factors of v.
2, 37
Suppose -4*y + f + 1 = -2, 0 = -y - f + 7. Let n(k) = 30*k + 3. What are the prime factors of n(y)?
3, 7
Suppose -4*q + 28 = 5*p - 262, -2*p = -2*q - 134. Let a = p - 41. What are the prime factors of a?
3, 7
Suppose -6*c + 0*c = 0. Suppose 8*u + c*u = 880. List the prime factors of u.
2, 5, 11
Let g be (-6)/(2*(-2)/4). Suppose k - 121 = -x, 3*x + 2*k = g*x - 383. What are the prime factors of x?
5
Let h(s) = -34*s + 64. List the prime factors of h(-6).
2, 67
Let h be ((-1680)/4 + -3)*1. Let b = -176 - h. What are the prime factors of b?
13, 19
Suppose 0 = 24*i - 32*i + 2696. List the prime factors of i.
337
Suppose -7*r + 7 = -21. Suppose 0 = -r*g + 209 + 307. What are the prime factors of g?
3, 43
Let d = 9 + -7. Suppose 0 = 2*f - d*h - 115 - 13, h - 54 = -f. What are the prime factors of f?
59
Suppose 0 = -2*w - w + 6. Suppose -2*r - p = 100, 2*p = w*r - 3*p + 124. List the prime factors of r/(-6) - 1/(-3).
3
Let f(t) = 36*t**2 - 8*t - 24. List the prime factors of f(-7).
2, 449
Suppose 5*q = -0*q + 25. Suppose 2*a - 3*m - 15 = 0, 4*m = 3*a - 7*a + 20. Suppose -q*l = -a*l + 26. What are the prime factors of l?
2, 13
Suppose 2*k + 1357 = g - 0*g, 0 = -5*g - k + 6774. Suppose -16*m = -1557 - g. List the prime factors of m.
2, 7, 13
Let x be 7/4 - 3/(-12). Let h(y) = 2*y**2 + 2*y. Let b be h(3). What are the prime factors of b - (-4 - (-1 - x))?
5
Let k be -3*((-20)/(-6))/(-2). Suppose 55 = k*o - 3*d - 44, -15 = 5*d. What are the prime factors of 75/o - (-1)/(-6)?
2
Let n = 45 + -43. What are the prime factors of (-3082)/(-253) - n/11?
2, 3
Suppose 4*n - 15 + 35 = 0. Let y = 8 + n. Suppose -3*i + y*b = -84 + 18, 0 = -2*i + b + 46. List the prime factors of i.
2, 3
Let c be (-68)/8*(-3 - 13). Let o = c - 73. What are the prime factors of o?
3, 7
Suppose x = -13*u + 9*u + 8838, 5*u = 3*x + 11039. List the prime factors of u.
47
Let v = 645 - 349. List the prime factors of v.
2, 37
Suppose -3*a - 5 = -4*k, 0 = 5*a - 5 - 20. Suppose -4*u + 7*u + 17 = n, -k = u. What are the prime factors of n?
2
What are the prime factors of (-40)/(-140) - (-83973)/21?
3, 31, 43
Suppose 0 = 16*d - 4741 - 8219. What are the prime factors of d?
2, 3, 5
Let q = -4 - -6. Suppose 5*m = n - 150, q*n = -4*m - 74 + 374. Suppose -6*z - n = -9*z. What are the prime factors of z?
2, 5
List the prime factors of ((-84)/18)/(-2 + (-2420)/(-1212)).
2, 7, 101
Suppose 0 = -0*w + 17*w - 13974. List the prime factors of w.
2, 3, 137
Let z(q) = -6*q**2 + 44*q - 4. Let h be z(7). Suppose 59 + 5 = 4*a. Let m = a - h. What are the prime factors of m?
2, 3
Let q be 6/(-2)*3/9. Let l be (-711)/45 - q/(-5). What are the prime factors of ((-132)/l)/((-2)/(-8))?
3, 11
Let n(a) = -a**3 - 9*a**2 - 9*a - 6. Suppose 4*s - 2*c + 38 = 0, -15 = 5*s - 5*c + 40. What are the prime factors of n(s)?
2
Suppose -3*a + 26 = -19. Let s = -7 + a. Let v = s + -6. What are the prime factors of v?
2
Let h(i) = -i**3 + 9*i**2 - 10*i - 1. Let q be (-11)/(-22) - 38/(-4). Let k = 17 - q. What are the prime factors of h(k)?
3
Let s(a) = 474*a + 571. List the prime factors of s(8).
4363
Suppos